**4 - 2/3*o**3. Let k(t) be the first derivative of n(t). What is k(-3)?
-5
Suppose 2*l = -0*l + 8. Let n(y) = 2*y - 1. Let p(x) = x + 1. Let g(o) = n(o) - 3*p(o). Give g(l).
-8
Let m(p) = -p**3 + 3*p**2 - 2*p + 2. Suppose 3*t - 5 = -20. Let h(q) be the third derivative of q**4/24 + 4*q**3/3 + 2*q**2. Let a be h(t). Give m(a).
-4
Let o = -22 - -21. Let m(y) = -18*y**2 + y + 1. What is m(o)?
-18
Let u(a) = 2 - 1 - 3*a - a**2 + 0*a + 0*a**2. Suppose -2*l - 3*l - 11 = -g, 0 = 5*l - 2*g + 7. Let j be u(l). Let f(m) = -6*m**3 - 1. Determine f(j).
-7
Let w(j) = 2*j**3 + 1. Let u be 2/(-6) + (-12)/(-9). What is w(u)?
3
Suppose -5*g + 7 = -48. Let y(p) = -p**3 - 6*p**2 - 4*p - 5. Let m(w) = -w**2 - w - 1. Let z(l) = g*m(l) - 2*y(l). Determine z(-2).
-7
Suppose 4*c - 5*v = 0, -c - 3*c = 3*v. Let i be (-1 + c - -2)*2. Suppose -i*s - 6 = 4. Let r(h) = h**3 + 5*h**2 - 2*h - 1. Calculate r(s).
9
Let r = -10 + 13. Let x(j) = -5*j**3 - r*j**2 - 2 - 9*j**3 + 15*j**3. Give x(4).
14
Let l(h) be the third derivative of 1/10*h**5 + 1/12*h**4 + 11*h**2 + 0*h - h**3 + 0 + 1/120*h**6. Let q = 5 - 10. Determine l(q).
9
Suppose -2*r = -6, 4*f - 3*f + 3*r - 9 = 0. Let n(q) = 0*q + 2*q + 0*q**2 + q**2 + f*q**2 - 1. Determine n(1).
2
Suppose -2*v = t - 7 - 0, 11 = -2*v + 5*t. Let h = v + 4. Suppose q - z = 0, 3 + h = 2*q + z. Let p(w) = w**3 - 2*w**2 - w - 3. Calculate p(q).
3
Let h(f) = 13*f**3 + 29*f**2 + 8*f - 16. Let c(l) = 3*l**3 + 7*l**2 + 2*l - 4. Let x(v) = 9*c(v) - 2*h(v). Calculate x(-3).
8
Let t(l) be the second derivative of l**4/12 + l**3/3 - 2*l. Let c be t(-3). Let h(q) = q**2 - 2*q - 2. Calculate h(c).
1
Let o(i) = i**3 + 5*i**2 + 3*i - 1. Let j be o(-2). Let y(b) = b. Let v(k) = 2*k - 5. Let z(h) = -v(h) + y(h). What is z(j)?
0
Let u(f) = -34*f + 72*f + 2*f**2 - 36*f - f**3 + 2. Determine u(-2).
14
Suppose 0 = 3*u - 8*u + 15. Suppose 4*k + 6*b = 2*b - 20, -15 = u*k + 2*b. Let o(c) = -c**3 - 6*c**2 - 3*c + 6. Determine o(k).
-4
Suppose 4*m = -4 - 8. Let f(r) = 7*r**3 - 3*r - 3. Let a(s) = 4*s**3 - 2*s - 2. Let t(k) = m*f(k) + 5*a(k). Suppose 6 = -4*w + 2. What is t(w)?
1
Let j(q) be the third derivative of q**4/24 + 5*q**3/6 + 14*q**2. Let x(n) = -n. Let k be x(6). Give j(k).
-1
Let z(m) be the first derivative of m**4/4 - 2*m**3/3 - 3*m**2/2 + 2*m + 4. Let d(l) = -2*l - 9. Let k be d(-6). Calculate z(k).
2
Suppose -3*b - 2*b - 35 = 5*k, -2*k - 17 = 3*b. Let s(p) = p**3 + p**2 + p + 1. Let m(l) = 2*l**3 + 2*l**2 - 3*l + 2. Let n(c) = -m(c) + s(c). Determine n(b).
5
Let l(c) = 6*c + 3. Let s(r) = 32*r + 17. Let a(n) = 11*l(n) - 2*s(n). Let d be ((-6)/(-2))/(3/4). Give a(d).
7
Let o(u) = u**3 + 4*u**2 - 5*u + 2. Let r be o(-5). Let v(d) = r*d - 3 + 0 - 3*d. What is v(-5)?
2
Let d = -1 - -3. Let z(g) = -d*g + 0*g - 2*g + g**2 + 4. Let u be (6 + -2)*(2 - 1). What is z(u)?
4
Let o(v) = v**3 - 10*v**2 - v + 5. Let w(k) = k**3 - 11*k**2 + 5. Let p(y) = -6*o(y) + 5*w(y). Let b(x) = 5*x**2 - 26*x + 11. Let d be b(5). Determine p(d).
-5
Let a = -4 + 2. Let p(n) be the second derivative of -n**5/20 + n**4/12 - n**2/2 - 9*n. Determine p(a).
11
Let v = 3 + 1. Let x(z) be the third derivative of -z**5/60 + z**4/8 - 2*z**3/3 + z**2. Determine x(v).
-8
Let a(q) = q + 2. Let c be 3/6*(-8)/2. Let z be 4*c*3/(-24). Suppose -11 - z = -4*u. Calculate a(u).
5
Let k(o) = -4*o**3 - o**2 + o. Let g(m) = -2*m - 11. Let y be g(-6). What is k(y)?
-4
Let u(c) = c**3 - 6*c**2 - 3. Let v = -14 + 20. What is u(v)?
-3
Let k(b) be the second derivative of -7*b**3/6 + 3*b**2/2 - 8*b. What is k(2)?
-11
Let j(q) = -11 - q**3 + 4*q**2 + 0*q**2 + 9 + 5. Calculate j(4).
3
Let j(b) = 4 + 11*b - 9*b - 6. Give j(-2).
-6
Let u(w) = -w**3 - 6*w**2 - 5*w + 4. Suppose i = -5*x + 30, -3*x + 2*i = 1 - 6. Suppose 2*b - 5*b - x = -2*h, 4*b = 4*h. Give u(b).
4
Let h = 25 + -13. Let a = h + -7. Let q(l) = 3*l - 7. Calculate q(a).
8
Let k = -6 + 2. Let r be (-1)/k*8/1. Let o(v) = -v**2 + 2*v. Give o(r).
0
Let c be (-5)/(-2) - 2/4. Suppose 2 + 1 = o. Let k(u) = -1 + u**o - 3*u**2 - u**c - u**2. Calculate k(5).
-1
Let l = -6 + 9. Suppose -l*n = -6*n. Let o(a) = a - 7. Give o(n).
-7
Let r(x) be the second derivative of -x**3/6 + 2*x. Suppose -2*y - 9 = 1. Give r(y).
5
Let v(m) = 6*m**2 + m + 1. Suppose -3 = -u, 2*u = -5*g - 3*u + 20. Suppose -5 = 4*b - g. What is v(b)?
6
Let r = 6 - 7. Let y(v) = v - 8*v**2 + v**2 + 6*v**2 - 6*v**3 + 5 - 4. Give y(r).
5
Let d(u) be the first derivative of u**2/2 - 2*u + 16. Give d(-6).
-8
Let b(v) = 3*v**3 - 15*v**2 - 8*v - 5. Let w(p) = -2*p**3 + 8*p**2 + 4*p + 2. Let u(y) = 3*b(y) + 5*w(y). Determine u(-4).
-5
Let q be 35/14*(-6)/(-5). Let s(c) = -q + c**2 + 3 - 1 + 5*c - 5. Determine s(-5).
-6
Let j(i) = i - 4. Let u be j(5). Let k(w) be the first derivative of 6 - w - 9/2*w**2. What is k(u)?
-10
Let g(z) = z**2 - z - 4. Let u(i) = i**2 - 4. Let k(m) = 6*g(m) - 7*u(m). What is k(-6)?
4
Let t(i) = -i**3 + 5*i**2 - 6*i + 2. Suppose 13 = 5*z - 2. Let d(l) = -l**2 + 5*l - 2. Let f be d(z). What is t(f)?
-6
Let r(s) be the second derivative of -3*s**2 + 4*s + 0 + 1/6*s**3. Calculate r(0).
-6
Let t(l) = -l**2 - 4*l - 6. Suppose -5*f + 2*j = -58, 3 + 1 = 4*j. Suppose -2*y = y + f. Determine t(y).
-6
Let f be 2*(-3 + (-20)/(-8)). Let z(q) = -2*q - 2. Let d(l) = -4*l - 5. Let w(m) = -2*d(m) + 5*z(m). Give w(f).
2
Let a(u) = u**3 + 5*u**2 - u - 2. Let m = 6 - 11. Let z be a(m). Let q(x) = -x**3 + 2*x**2 + 2*x - 1. Calculate q(z).
-4
Let y = -7 - -8. Let o(l) = 4*l**2 + 2*l + 7. Let i be ((-2)/(-4))/((-2)/24). Let u(k) = k**2 + 1. Let s(x) = i*u(x) + y*o(x). What is s(2)?
-3
Let k(w) be the second derivative of w**3/6 + 3*w**2/2 + 23*w. Calculate k(-8).
-5
Let s(n) = n**2 - 5*n - 8. Let l(a) = a**3 + 6*a**2 + 4*a + 1. Let k be l(-5). What is s(k)?
-2
Let p(b) = -2*b + 25. Let l be p(12). Let r be 0/((-2)/2*1). Suppose -l = -x - r. Let j(h) = -7*h**3 + 2*h - 1. Determine j(x).
-6
Suppose -3*h + 5*b = -16, -4*h + 0*b = 3*b - 60. Let d = h - 9. Let z(j) = j + 2 - d - 5*j**3 + 4*j**3 - 6*j**2 + 2. Give z(-6).
-5
Suppose -11 = 3*j + 2*h, 5*j + 0*h + 2*h + 17 = 0. Let o be ((-3)/4)/(2/(-8)). Let n(t) = -3*t - 3*t**2 + 1 - t**o + 0 + 2*t. Calculate n(j).
4
Let b(i) = -i**2 - 3*i + 5. Let g be b(-4). Let u(h) = 0*h + g + 2 + h. Let k be 51/(-15) + (-3)/5. Give u(k).
-1
Let d(l) = -4*l + 2. Let y(s) = 5*s - 2. Let c(b) = 4*d(b) + 3*y(b). Let n be (-44)/10 + 8/20. Determine c(n).
6
Let m(y) be the first derivative of y**2/2 + 3*y + 2. Let b be 7/(21/24) + -3. Let u be -3 + 5 + (b - 3). What is m(u)?
7
Let o(g) be the first derivative of -3*g - 2/3*g**3 + 2*g**2 + 1. Calculate o(2).
-3
Let f(d) = -2*d**2 - 5*d - 15. Let u(k) = k**2 + 3*k + 7. Let w(i) = -2*f(i) - 5*u(i). Give w(-5).
-5
Let d(b) be the first derivative of b**3/3 + 3*b**2 + b + 512. Let l = -3 + 4. Let m be 1 - -7*(0 - l). Calculate d(m).
1
Let q be 2/((-8)/(-6) - 2). Let s(c) = -c**3 + c. Give s(q).
24
Let p(k) = k + 11. Let m be p(-6). Let f be (m/25)/(1/5). Let h(u) = 3*u - 3*u - 9*u. Determine h(f).
-9
Let q(v) = 28*v**2 - 16*v. Let l(p) = 9*p**2 - 5*p. Let t(k) = -16*l(k) + 5*q(k). Let y = -89 - -90. Calculate t(y).
-4
Let w(f) be the third derivative of -f**6/120 - f**5/60 - 3*f**3/2 + 6*f**2. Determine w(0).
-9
Let n(i) = -i**3 - 4*i**2 - 2*i - 1. Suppose -3*a = -2*q - 11, q = -a - 4*a + 27. Let r(z) = -2*z**2 + z + 2. Let o be r(q). What is n(o)?
7
Let m(h) = h + 7. Let t(f) = 2*f**3 + 11*f**2 + 6*f. Let g be t(-5). Give m(g).
2
Suppose 0 = 4*k - 5*j - 1, 2*j + 1 = 2*k - j. Let g = -7 + 11. Let s(a) = g*a - 8*a - 3*a. Give s(k).
7
Let i(c) be the second derivative of -c**4/12 - 2*c**3/3 + 3*c**2 - 34*c. Determine i(-6).
-6
Let l(h) = -3*h - 9. Suppose 14 = 3*b - b. Suppose -2 = n - b. Let d(k) = 4*k + 13. Let a(v) = n*d(v) + 7*l(v). What is a(-3)?
5
Let k(u) = -u**3 - 10*u**2 + 11*u - 2. Let v(g) = g**3 + 11*g**2 - 12*g + 2. Let b(t) = -4*k(t) - 3*v(t). Let q be b(-8). Let i(d) = d. What is i(q)?
2
Let k(r) = -r**3 - 8*r**2 + 3*r - 4. Let w(n) = -n**2 + n - 1. Let i(t) = -k(t) + 2*w(t). Give i(-6).
8
Let i(h) = 2*h**3 - 6*h**2 - 4*h - 9. Let v(m) = -m**3 + 3*m**2 + 2*m + 4. Let n(y) = -3*i(y) - 7*v(y). What is n(3)?
-7
Let v(p) = p**2 + 5*p + 6. Let l = 35 + -20. Suppose -3*b - l = -0*b. Determine v(b).
6
Let n be 2 + 